4546083 (base 11) to base 8
36267174
Convert -cc5b56 (base 13) to base 11.
-2796775
-30b518 (base 13) to base 14
-2190ac
5692484 (base 11) to base 9
20658306
What is -12020200021020 (base 3) in base 8?
-12506414
What is -276a068 (base 11) in base 4?
-102030331331
What is 100010110100100000 (base 2) in base 16?
22d20
Convert -10101110100100100111 (base 2) to base 16.
-ae927
Convert 1451212 (base 6) to base 16.
14a38
What is -247724 (base 9) in base 4?
-210220102
Convert -10011100111110110 (base 2) to base 9.
-132224
What is 1000011010011000101001 (base 2) in base 9?
4131000
Convert 161406 (base 7) to base 3.
1121120020
-15749a3 (base 13) to base 8
-32230113
Convert 20bac3 (base 14) to base 5.
240423323
Convert -111001010010010001 (base 2) to base 4.
-321102101
636745 (base 8) to base 15
42e38
What is 6088705 (base 10) in base 3?
102110100010121
2166062 (base 7) to base 11
1738a4
-202100011110012 (base 3) to base 10
-10809212
Convert -2108134 (base 9) to base 7.
-12405160
701a16 (base 12) to base 7
20555331
976787 (base 10) to base 4
3232132103
What is 70284 (base 13) in base 5?
22402443
79811a (base 11) to base 15
1a1411
What is -15a533 (base 13) in base 12?
-21a8a3
10110010010110010100000 (base 2) to base 10
5844128
-112134350 (base 6) to base 4
-13320101322
What is 1000011111010011000 (base 2) in base 14?
73532
540643 (base 7) to base 2
10110111100001100
765c2 (base 16) to base 7
4056263
-b7dc7 (base 16) to base 12
-30399b
What is -67414 (base 12) in base 11?
-94010
What is -18766648 (base 9) in base 14?
-139131c
Convert -33205 (base 13) to base 7.
-534010
What is -3a7380 (base 12) in base 4?
-3223331100
4289de (base 16) to base 2
10000101000100111011110
-726a67 (base 12) to base 11
-1016825
59101 (base 11) to base 7
503464
Convert 6045315 (base 7) to base 5.
140423442
-1156317 (base 10) to base 2
-100011010010011011101
Convert -25bdd (base 14) to base 3.
-11201102212
-1024232 (base 6) to base 13
-19b0b
What is -32042420 (base 5) in base 10?
-268485
What is 2633245 (base 10) in base 8?
12027035
-534530 (base 8) to base 13
-63344
What is 2033313331 (base 4) in base 10?
589309
What is -100010101101011110001 (base 2) in base 10?
-1137393
Convert 1000001010110000001 (base 2) to base 15.
54484
268323 (base 16) to base 10
2523939
What is -952792 (base 13) in base 9?
-6508511
Convert 330193 (base 11) to base 2.
10000000101111000011
What is 761576 (base 8) in base 3?
110221120202
What is 280037 (base 9) in base 7?
1310302
What is -34554325 (base 9) in base 13?
-363562a
Convert -298926 (base 10) to base 13.
-a60a4
727238 (base 9) to base 11
275434
Convert -2001100221122 (base 3) to base 14.
-205242
-100110010000111001 (base 2) to base 9
-257883
What is 11361527 (base 8) in base 10?
2483031
-3768b0 (base 15) to base 12
-a80363
8a575 (base 15) to base 2
1101011011010110001
Convert 2449 (base 14) to base 9.
8621
Convert 10201211001 (base 3) to base 7.
424162
What is 7977462 (base 10) in base 3?
120000022000120
Convert 322022313 (base 4) to base 14.
62b8b
100887 (base 10) to base 4
120220113
What is -47333 (base 8) in base 6?
-233243
What is -1462546 (base 8) in base 7?
-3364040
-1c43 (base 16) to base 5
-212420
702842 (base 9) to base 15
83192
Convert 3443223 (base 6) to base 11.
110a81
What is 452118 (base 11) in base 8?
2576523
-4400242 (base 5) to base 14
-1d504
-5a99 (base 11) to base 12
-4745
bc5578 (base 14) to base 2
11000011000100000110110
-19790 (base 13) to base 16
-c1e2
Convert -111213113030 (base 4) to base 7.
-66106454
1b0b4 (base 14) to base 7
404314
10100100001100001 (base 2) to base 12
40795
What is 906904 (base 10) in base 11?
56a409
Convert 1c5b9 (base 13) to base 11.
39019
What is 2dfc (base 16) in base 7?
46215
24346401 (base 7) to base 14
40a638
What is -40cc8 (base 13) in base 12?
-57470
Convert 10000010101100100111110 (base 2) to base 6.
231443130
-1677b0 (base 15) to base 12
-445ab6
Convert 2130055 (base 6) to base 9.
170038
What is 10040332 (base 5) in base 16?
13b4d
-2530630 (base 8) to base 3
-1022121100110
-38abf (base 16) to base 12
-b23bb
e280a (base 15) to base 5
140423220
Convert 4d339 (base 14) to base 3.
100122121010
-21120022011 (base 3) to base 7
-1160134
-6f32f (base 16) to base 4
-1233030233
1839720 (base 11) to base 10
3116740
What is 509ddd (base 16) in base 5?
2323031133
-221200012 (base 4) to base 9
-278157
Convert -100022000002102 (base 3) to base 15.
-678cb8
101003515 (base 7) to base 14
ad230c
Convert -2656005 (base 7) to base 11.
-21a131
What is -10011210112212 (base 3) in base 11?
-a53881
20044402 (base 5) to base 3
22002120221
Convert b2933 (base 14) to base 10.
429873
-211112100111 (base 4) to base 16
-956415
Convert -d5a7e8 (base 15) to base 5.
-10100114133
Convert 44001324 (base 5) to base 16.
5b9ae
What is 4152004 (base 7) in base 5?
112000343
1a69a34 (base 11) to base 16
352607
What is -4c7472 (base 13) in base 11?
-104a511
Convert 208069 (base 10) to base 3.
101120102021
-1111100000100110011000 (base 2) to base 16
-3e0998
511342055 (base 6) to base 16
8591f3
What is -5249a6 (base 13) in base 2?
-111010101101111000000
1054330101 (base 6) to base 14
17a4937
Convert -1234113120 (base 5) to base 16.
-2e5112
Convert 421a993 (base 12) to base 16.
be71ff
Convert -44e0b6 (base 15) to base 9.
-6160440
-67953e (base 15) to base 14
-929132
Convert 1738049 (base 12) to base 7.
55555350
What is -10022101220 (base 3) in base 13?
-23886
Convert -42312133 (base 6) to base 15.
-196ce9
1001110000100111010110 (base 2) to base 15
3580b7
Convert 11001210 (base 3) to base 11.
2255
Convert -482445 (base 15) to base 8.
-15122547
Convert -6188a2 (base 15) to base 10.
-4635827
529 (base 14) to base 10
1017
Convert -26340201 (base 7) to base 2.
-1001001101001000110000
Convert -614224 (base 7) to base 12.
-50737
What is -19408 (base 10) in base 7?
-110404
-554502 (base 7) to base 5
-11111114
What is -274057 (base 9) in base 16?
-28c51
-11041040 (base 5) to base 6
-2022135
-7a95 (base 11) to base 16
-2987
-1512314 (base 6) to base 2
-10101010101010110
What is 1bddd8 (base 16) in base 7?
21344246
-1aa2b8 (base 12) to base 5
-110131100
6144656 (base 8) to base 2
110001100100110101110
Convert 454125 (base 6) to base 12.
1a345
Convert 1938917 (base 13) to base 12.
292b912
What is -14653773 (base 8) in base 6?
-200042015
Convert 22a4a01 (base 12) to base 7.
110552542
5579 (base 13) to base 4
2322122
3b9298 (base 15) to base 14
548640
2437698 (base 11) to base 10
4241399
What is -645614 (base 8) in base 12?
-a4b78
Convert 10020212001021 (base 3) to base 6.
101021354
What is -e0262 (base 15) in base 16?
-ad2ac
What is 64024 (base 13) in base 8?
537730
Convert 5b6d34 (base 16) to base 12.
200b530
-608406 (base 10) to base 13
-183c06
What is -962e (base 16) in base 11?
-26981
Convert 104204132 (base 5) to base 6.
13505125
113235 (base 7) to base 16
4f89
Convert 7cccb (base 15) to base 6.
12305302
476a018 (base 11) to base 7
130450221
Convert -11010011001111010101000 (base 2) to base 4.
-122121322220
What is 1758652 (base 11) in base 7?
34234260
-11330032033 (base 4) to base 13
-426b44
Convert 100311211 (base 4) to base 8.
206545
Convert 236221 (base 8) to base 16.
13c91
Convert -3836b35 (base 13) to base 3.
-1020000201012000
124412202 (base 6) to base 8
11302612
-103203002101 (base 4) to base 15
-6b3461
What is -10013413 (base 5) in base 11?
-54590
What is 32a (base 16) in base 6?
3430
111010111101110011 (base 2) to base 3
110021022022
What is -686152 (base 9) in base 3?
-202220011202
-110002112200102 (base 3) to base 13
-1440695
What is -10231120103 (base 4) in base 12?
-4b646b
Convert 35695 (base 12) to base 4.
101202101
What is -18205192 (base 10) in base 8?
-105345010
Convert -25034354 (base 6) to base 7.
-6532444
Convert a59620 (base 12) to base 6.
131524040
610140 (base 10) to base 3
1010222221210
Convert 971109 (base 10) to base 7.
11153136
-15496 (base 10) to base 13
-7090
Convert 102122202012 (base 3) to base 2.
111000000001001011
What is -43d946 (base 14) in base 5?
-1042212132
12232261 (base 7) to base 11
6918a1
Convert 207379 (base 15) to base 4.
11320233330
What is 111101011111111 (base 2) in base 4?
13223333
Convert -16177761 (base 8) to base 5.
-1424014122
-17722d (base 15) to base 5
-242402433
Convert -78669 (base 12)